 70 = d + d. Let i(k) = -k**2 - 3*k + 23. Let x = 37 + -43. Let w be i(x). Calculate the greatest common divisor of d and w.
5
Let x be (-10)/(-50) - 1/5. Let y = 231 + -231. Suppose 5*z - j - 241 = x, -2*j - 3*j - 5 = y. What is the greatest common divisor of 12 and z?
12
Suppose 30240 = 13*a + 127*a. What is the highest common divisor of 54 and a?
54
Let j = -39 - -123. Let b = 415 - 264. Let n = -25 + b. Calculate the highest common divisor of j and n.
42
Let m(x) = 376*x - 13058. Let z be m(35). What is the greatest common divisor of 16490 and z?
34
Let y(j) = -j - 4*j**3 + 5*j**3 - j**2 + 121 - 3*j**2 + 3*j - 116. Let a be y(4). Calculate the greatest common factor of 91 and a.
13
Suppose 0 = 5*t - t + 5*q - 31, t - 3*q - 12 = 0. Let p(n) = 301*n + 2724. Let r be p(-9). Calculate the highest common divisor of t and r.
3
Let m = 1144 + 1072. Suppose -6*o = -4*o - m. Suppose 0 = 4*p - o + 68. Calculate the greatest common divisor of 20 and p.
20
Let n be (11 - 18)*((-15716)/28 - 1). What is the highest common factor of 32 and n?
32
Suppose -4*n = -24, -5*n - 4 = -5*a + 56. Calculate the greatest common divisor of 33597 and a.
9
Let r(s) = 3 - 128*s + 26*s - 9 + 33. Let y be r(-2). Calculate the greatest common factor of 33 and y.
33
Let q = -9055 + 10380. What is the highest common divisor of 10 and q?
5
Let d(z) = z**2 - 111*z + 2839. Let m be d(21). What is the highest common divisor of m and 1606?
73
Suppose -18*p = -9828 + 3708. What is the greatest common factor of 15 and p?
5
Suppose -2*y - 11*y = 78. Let f(k) = -k**3 - 6*k**2 - 7*k - 21. Let z be f(y). What is the greatest common factor of z and 56?
7
Let z(h) = 5*h - 31. Let o be z(7). Suppose o*y = -q + 45, -4*q - 1 = -3*y + 28. Suppose 4*p - 390 = -y*p. What is the highest common factor of p and 26?
26
Let p(n) = 2*n + 132. Let x be p(-2). Calculate the highest common divisor of 1888 and x.
32
Let j(v) = 15*v + 11. Let r be j(20). Suppose -26 = 19*k - r. Calculate the greatest common divisor of k and 120.
15
Suppose -3*r + 3*u + 42 = 0, -97 + 59 = -3*r + 5*u. Calculate the greatest common factor of r and 1888.
16
Let k(p) = -4*p**3 + 2*p**2 - 2*p + 1. Let j(y) = y + 9. Let n be j(-8). Let g be k(n). Let h = 18 + g. Calculate the greatest common divisor of 120 and h.
15
Suppose -10*q + 0*q = -1120. Let u(t) = -t**3 + 5*t. Let h be u(-5). Let m = q - h. What is the highest common divisor of 12 and m?
12
Let r be 0 + 3 - (2 + 4 + (-1715)/5). Calculate the greatest common divisor of 220 and r.
20
Suppose 288*z + 546 = 309*z. Let d be ((-104)/(-12))/(5*(-2)/(-45)). What is the greatest common factor of d and z?
13
Let q be 4450/20 + -1*(-4)/(-16)*2. What is the highest common factor of q and 108?
6
Let d be ((-288057)/14)/(-11) - 9/(-6). What is the greatest common divisor of d and 26?
26
Let x = 7690 - 7555. Calculate the greatest common factor of 2457 and x.
27
Let z be 9/(-2) + (-51)/(-34). Let r be ((-2)/z)/(2 - 220/105). Let i = 49 - r. What is the highest common factor of i and 14?
14
Let k(a) = -174*a + 180. Let j be k(1). Calculate the highest common divisor of 96 and j.
6
Let m(g) = 70*g - 40. Let y be m(4). Suppose 540 = 3*i + 4*k, 2*k + 180 = i + 4*k. What is the highest common divisor of i and y?
60
Let h(u) = -u**3 + 32*u**2 - 60*u + 120. Let f be h(30). What is the greatest common factor of f and 375?
15
Suppose 5*x - 12*x = -35. Suppose -g + x*r = -13, 6*g - 5 = 3*g - 2*r. Let k be (4/(-5)*g + 2)*-25. Calculate the highest common divisor of k and 2.
2
Let j be ((-2)/(-5))/(1*5/1275). Suppose -12 = -2*p - 0. What is the highest common factor of j and p?
6
Let q(s) = -3*s**3 + 34*s**2 - 5*s + 162. Let d be q(11). Suppose -42 = -t + 2*o + o, 4*t - 2*o = 218. What is the greatest common factor of t and d?
57
Let v be (7/(-4))/((-2)/120). Let t be 304 + 6 + -8 + -3. Let q be 4462/t + 1/13. Calculate the highest common factor of q and v.
15
Suppose -5*h - 12*y + 16*y = 380, h + 100 = -4*y. Let w = 19 - h. What is the greatest common factor of 9 and w?
9
Let z(i) = 3*i**3 + 63*i**2 + 59*i + 62. Let b be z(-20). Calculate the greatest common divisor of 7216 and b.
82
Suppose -w - 14 - 7 = 0. Let x be w/(-14) + 2/((-4)/(-47)). What is the highest common divisor of 125 and x?
25
Let c(g) = -111*g + 628. Let l be c(0). Calculate the greatest common factor of l and 16.
4
Let o = 8462 + -4529. Suppose 38*j = -o + 11875. What is the highest common factor of 38 and j?
19
Let g(u) = 20*u + 87. Let q be g(-4). Suppose 81 = 2*y + q*y. What is the highest common factor of 774 and y?
9
Let y = -1359 + 1395. Calculate the highest common divisor of 6084 and y.
36
Let n = -7261 - -7585. Calculate the greatest common factor of n and 468.
36
Let n(b) = -20*b + 8. Suppose 23 = 4*p + 5*t + 3, 0 = 4*p - 3*t + 12. Let r be n(p). Suppose -4*z + 64 = -16. Calculate the greatest common factor of r and z.
4
Let r be 252/7 + (-36)/(1 - -5). Calculate the highest common divisor of r and 18.
6
Let p = 43 + -42. Let d(w) be the second derivative of 19*w**3/6 - w**2/2 + 30*w. Let a be d(p). What is the highest common divisor of a and 6?
6
Let v(w) = -1442*w - 7155. Let j be v(-5). Calculate the greatest common factor of j and 9515.
55
Let k(z) = -z**2 + 11*z + 39. Let n be k(14). Let j be (5*-105)/(-7) + n. Calculate the highest common factor of 6 and j.
6
Suppose 5*w + 3*w = 3*w. Suppose -2*u = 2*m - 32, -6 = -u + m - w*m. Suppose -5*d + 223 = y, -8 = -y - 5. Calculate the greatest common factor of d and u.
11
Let l be (-3 - -292) + -16 - 14. Calculate the greatest common factor of 1184 and l.
37
Suppose 108 = 4*d + 12. Let u = -325 + 653. Let w = -304 + u. What is the greatest common factor of d and w?
24
Suppose 0 = 5*f + 4919 - 519. Let k = 1243 + f. Calculate the highest common factor of 66 and k.
33
Let o(b) = -10*b - 25. Let s be o(-5). Let u(r) = 49*r - 157. Let p be u(18). What is the greatest common factor of p and s?
25
Let i = 91 + -39. Suppose -3*u = -9, -33*a = -37*a - 2*u + 630. What is the highest common factor of i and a?
52
Suppose 23*w = 24*w - 22. Calculate the highest common divisor of w and 1166.
22
Let h(q) = -3*q - 12. Let b be h(-8). Suppose 16*p = 10*p + 252. Let g be 115 - (p - 0)/6. What is the highest common divisor of g and b?
12
Suppose 56 = 5*c + l - 77, -3*l = -2*c + 60. What is the highest common factor of c and 4104?
27
Suppose -9*l - 2735 = -3032. Calculate the greatest common divisor of 2376 and l.
33
Let l(f) = f**3 + 31*f**2 + 97*f + 110. Let i be l(-26). What is the greatest common factor of i and 2376?
88
Let r(h) = -15*h + 1089. Let f be r(6). What is the highest common factor of f and 729?
27
Let n = 24549 + -20648. Calculate the highest common factor of n and 235.
47
Suppose -5*p = -1 + 6, 99 = 2*s + 3*p. Let g = -51 + -48. Let w = g + 150. What is the highest common divisor of w and s?
51
Suppose 5*z - 77 = -2*f + f, 0 = 3*f - 6. Let b(t) = t**3 - 5*t**2 + 5*t - 63. Let v be b(6). Calculate the greatest common factor of z and v.
3
Let t(g) = -28*g**2 - 56*g + 5. Let f be t(-2). Calculate the greatest common factor of f and 41.
1
Suppose 3*m - 25 = t, 40*t + 8 = 2*m + 35*t. Suppose -n - m*l + 35 = -6*l, -2*l = -5*n + 209. Calculate the highest common factor of 287 and n.
41
Suppose 0 = 2*w + 33*r - 30*r - 134, -4*r - 965 = -13*w. Calculate the greatest common factor of w and 8833.
73
Let x(t) = 8*t. Let w be x(3). Let s(o) = 17*o + 202. Let r be s(-10). Suppose 2*c + r = 152. What is the highest common divisor of c and w?
12
Let b be 638/33 + (-1)/(-3)*2. Suppose 0 = 5*u - 0*u - b. Suppose 372 = u*d + 96. What is the highest common divisor of d and 23?
23
Let y = 3294 + -3203. Calculate the greatest common factor of 658 and y.
7
Let p be -3 - 3/(-2)*68. Let v = 69 - 62. Suppose 0 = v*a - 108 - 354. Calculate the greatest common divisor of a and p.
33
Suppose -82*i + 89*i + 28 = 0. Let r be 2*21/i*(-2)/3. Calculate the highest common factor of 371 and r.
7
Let n = -20 + 25. Let a = 8 + n. Let y(s) = s**2 + 25*s - 25. Let c be y(-29). Calculate the greatest common divisor of a and c.
13
Let y(i) = i**2 + i - 2. Let c be y(2). Suppose j - 8 = -c. Suppose 5*d - 15 = f, -6 = f + f - j*d. What is the highest common factor of 1 and f?
1
Suppose 389*x + 11844 = 403*x.